)?
98
What is 72 + -10 - -4 - 116?
-50
What is 0 + -43 - (6190 + -6293)?
60
Evaluate -399 - -435 - (5 + 34 + 3).
-6
Calculate -11 - (-26 - (26 + -12 - -19)).
48
Calculate -9 - 1 - (-12 + 22 - 85) - (13 + -7).
59
55 + -27 - 34 - (10 + -121)
105
What is -19 - ((26 - 22) + (-11 - -6) + -15)?
-3
Evaluate 6 + 29 + 41 + -73 + 57.
60
Evaluate 1 - (2 + -13 - (2 + -6 + -6 - -2)).
4
What is -1 - -11 - (20 - -69 - 44) - 13?
-48
Evaluate (26 - 6) + -51 + -21 + 3 + 6.
-43
What is the value of (19 - (4 - -19) - (1 - 8)) + 33?
36
11 - (11 + -31) - (-3 + 4 + -14)
44
-3 + (6 - 2 - -3) - (-1321 + 1364)
-39
Evaluate (-28 + 2 - (-44 - -8)) + -73 + -1.
-64
Evaluate 18 - (31 + (32 - 36)).
-9
Calculate (-9064 - -9043) + -1 + 93.
71
Calculate 24 + (36 - 25) + (-6 - -4) - 2.
31
What is the value of (0 - 2 - -19 - (31 - -3)) + -18?
-35
Calculate 0 + -61 + (-5019 - -5003) + (1 + 9 - 0).
-67
Calculate 15 - (5 + -4 + (94 - 95)).
15
Calculate -43 + 76 - (-21 - -41).
13
Calculate -119 + 85 + 100 - -30.
96
Evaluate -63 + 3 - (-134 + 4 + 90).
-20
What is -63 + (-1 - 10) + -199 + 219 - -3?
-51
Calculate -42 - ((12 - -18 - -18) + -29).
-61
What is the value of (4 - (-9 + 3 + 1)) + 1 + 6 + 12?
28
(107 - (-11 + (-3 - -12)) - -16) + -1 + -4
120
Evaluate (-149 - (-37 + -8)) + 169.
65
What is -10 + 25 + -18 + 7 + -14 + 3?
-7
What is the value of 1 - -2 - (-11 + (25 + -1 - 9))?
-1
What is -54 + (12 - 7 - 12 - (-13 + (-4 - -20)))?
-64
Calculate 126 + -17 + (-169 - -129).
69
Calculate -13 + -21 + -1 + 1 + 7 - -6.
-21
What is -44 + (43 - (8 - 20))?
11
Calculate -5 - (-17 + (0 - -6)) - (-30 - 24).
60
Evaluate (-24 - (-64 - 11)) + -15 + 9 + 1 + 1.
47
Evaluate -6 + (28 + -50 - -11) + -2 + -2 + 27.
6
What is 5 - (-53 - -132 - 32)?
-42
Calculate 240 - 218 - (-9 + 6 + 39) - (-89 + 1).
74
Evaluate (19 - 54) + -38 + 29 + -3.
-47
Calculate 1 + -13 - (-8 - (33 + -11 - 49)).
-31
What is 13 - (2 + -1 + 2) - (93 + (79 - 180))?
18
Calculate -83 - (31 - 24) - -30.
-60
What is -64 + (64 - (39 - -1)) + -49?
-89
-1 + 13 + (-8554 - -8520)
-22
-9 - ((0 + 2 + -127 - (56 - 61)) + -15)
126
What is the value of -3228 - -3291 - (-1 - -130)?
-66
Evaluate 42 - 18 - (91 + (-8 - -8)).
-67
(5 - (15 - 2) - -9) + (-8 - -14) + -25
-18
0 + -73 + (-15 - (51 - 52)) + 22
-65
What is the value of (-45 - -16) + -34 + 28?
-35
22 + (6 - (43 + 99 - 47))
-67
Evaluate (19 - -17) + -19 - 4 - 18.
-5
Evaluate 17 + 13 + (-2 - (5 + -6) - 6).
23
What is -26 + (-279 - -266 - (0 + -5))?
-34
Calculate (-3 - 0) + 0 + -47 + (54 - 44).
-40
-193 + 211 + (-13 - -53)
58
What is 32 + 42 + 1 + -10 + -14?
51
Calculate 175 + -118 - (10 + 7).
40
What is the value of 6 - (-3 - (16 + 6)) - ((-18 - -23) + -15)?
41
Evaluate -23 - (-22 + 19) - -10 - -10.
0
Calculate (27 - (-39 + -7 + 16)) + -10.
47
Calculate -11 - -6 - 2 - ((-47 - -69) + -5).
-24
What is the value of (0 - 1) + (20 - 2) + -20 + (-46 - -7)?
-42
143 + -95 + (-16 - 5) - -5
32
Evaluate 9 - (-1 + 8 - (69 + (-23 - 36))).
12
Calculate (-31 - (16 - 40)) + -5 - (0 - -14).
-26
What is the value of 5 + 5 + 4 + -36 + 1 - (-295 + 286)?
-12
What is the value of 1135 + -1140 - ((2 - -1) + (-1 - 15))?
8
(-29 - (18 - 25)) + 99 - 12
65
9 + 1 + (0 - 107) + -115 + (270 - 148)
-90
Calculate (37 + 1 - 44 - -130) + 2 + -5.
121
What is -77 - (-32 + 40 - ((2 - (2 - 1)) + 10))?
-74
Calculate -19 + 169 + (483 - 689).
-56
Evaluate 12 + (28 - (-2 + 21 + -11) - 6).
26
What is the value of -3 + -3 - (-515 - -467)?
42
What is the value of -1 - ((-50 - (-8 - 16)) + (0 - -20))?
5
Calculate (-6 - (-1 + (10 + -15 - 3))) + 41 + -4.
40
0 + -5 + 2 + -10 + 17 + -10
-6
What is (10 + 10 + 6 - 55) + 55?
26
Calculate 8 - -2 - (-23 + (-31 - -99)).
-35
181 + -94 + (-3 + -1 - (3 - -4 - 19))
95
Calculate 18 + 16206 + -16075 + (-8 - (0 + 0)).
141
What is -1 - -120 - (11402 - 11229)?
-54
What is the value of 52 + (49 - -64) - 98?
67
4 - (-112 + 50) - 124
-58
What is -265 - -143 - -138 - (-18 + 2 - 0)?
32
What is -47 - ((-77 - -41) + 41)?
-52
Calculate (15 - -2) + (-53 - (-15 + 4)) - 123.
-148
19 + -23 - -7 - ((32 - -3) + -1)
-31
-8 + -1 - (-11416 - -11525)
-118
What is -76 + -20 + 99 - (-2 - -20)?
-15
Evaluate 1 + 6 + (-1 + -2 - -3) + (-106 - -113).
14
Calculate (-16 - (1 + -21 - 8)) + -64.
-52
-48 + -17 + 7 + 66
8
What is 2 + 95 + -2 - (-205 + 188 - (-16 + 2))?
98
36 - (26 - -18 - 18)
10
106 - (114 + (-212 - -104))
100
(4 - 4) + (-7 - (7 - ((-7 - -69) + 8)))
56
Evaluate -97 + -39 + (35 - 21) + 21.
-101
22 + (-15 - (-14 + 23 - 13)) + 2 + 20
33
Calculate 6 + 1 + -1 - ((99 - 85) + -5).
-3
Calculate -13 + 21 + 140 + -136.
12
What is the value of (49 - 158 - -98) + -15?
-26
What is (18 + -8 - 2 - 21) + 1 - (-29 + 1)?
16
-4 + 1 - (-1 - (44 - (16 - 8)) - -2)
32
-124 + 76 + 0 + 9 + 1
-38
-5 + -42 + 187 - 82
58
What is -16 - (10 - 17 - -2) - (-63 - -3)?
49
Evaluate 4 + -1 + 15 + -11 + -12 + (20 - -3).
18
What is 92 - (-27 + (90 - 20))?
49
What is the value of 69 + 69 + -62 + -41?
35
What is the value of (26 - ((26 - 12) + -10)) + -6?
16
What is (22 + -33 - (-2 + 36)) + (1 + -2 - 3)?
-49
Evaluate 19 + (-55 - (-99 + 20)).
43
What is the value of 31 + -25 + 2 - 22 - 63?
-77
What is 7488 - 7502 - (-5 + -1)?
-8
Calculate (59 - (81 - -76)) + 41.
-57
What is -13 - (7 + 12 - 43) - 21?
-10
What is 27 - -15 - (37 + 24)?
-19
Evaluate (-5 + (56 - 5) - (-7 - -16)) + 11.
48
What is the value of (-62 - -2) + (1640 - 1646)?
-66
What is (-20 - -28) + -34 + 62 + -34?
2
What is the value of 15 + -59 + 32 - ((11 - 7 - -52) + -10)?
-58
Calculate (-4 - -15 - 20) + -14 + 1 + (12 - 7).
-17
What is (-4 - (-1 - 2)) + (0 - 1) - (-4819 - -4903)?
-86
(13 - 21) + -2 - ((4 - 11) + 13)
-16
Calculate -7 - 22 - 24 - -75.
22
Evaluate 7 + -2 + 11 - (-90 + 92).
14
What is 77 - 49 - 46 - -53?
35
Calculate -49 - (97 - (131 - 34)).
-49
(1 - 26) + -94 + 112 + (-53 - -6)
-54
What is -23 - (-32 + 7 + -13 + 76)?
-61
(15 + 1 - (-8 - -21)) + -1 + (4 - 4)
2
Evaluate -39 - -1 - (23 + -31 + 30 + -20 + -2).
-38
26 + -7 + -5 + (-25 - 3)
-14
Calculate 59 + -5 + (3 + 9 - 18 - -7 - 7).
48
What is the value of -1 + (7 - (4 + -3) - (-5 - -5))?
5
What is -24 - (-92 - (-21 + 6 + 20 + 1))?
74
23 + (-27 + (45 - 10) - -18)
49
Calculate 2 + -1 - -59 - (-20 + 28 - 40 - -27).
65
What is 20 + (-21 - (-17 + -7)) + -37?
-14
Calculate (7 - (23 + -14 + 7 - 22)) + 23.
36
-107 - (-5 - (62 + 0))
-40
What is the value of (10 - 1) + 27 + (4 - 28) - 10?
2
Calculate 8 + -40 - (4 - -15 - -4).
-55
9 + (4 - 21) - (13 + -4 + -2 - -2)
-17
Calculate -9 - -9 - -26 - (40 + -83 + 30).
39
(-3 - (31 - (31 - 2))) + -75
-80
Calculate -20 + (-89 - -129) + 27.
47
Evaluate 13 + 8 + 6 + 1 - 13 - -18.
33
38 + 7 + -73 - -70
42
What is the value of (-3 - -11 - 2) + (-9 - 3) + -31 + -1?
-38
-42 + (9 + (2 - 5) - 6)
-42
-54 - (-208 - -67 - -13)
74
What is the value of 44 + 21 + (-5 + 3 + -4 - -2)?
61
What is -7 + 22 + -9 - (2 + 1) - -34?
37
-13 + -3 + 3 + (124 - 151)
-40
Evaluate (2 + 1 + -1 - 0) + (3 - (15 - 21)).
11
-1 + -14 - (155 - 179)
9
Evaluate -88 + 188 + 5 + -42.
63
What is the value of 11 - (-32 - -92) - -109?
60
Evaluate (-51 - -165) + -15 + -40.
59
Calculate -25 - (-54 + 27 - 12).
14
What is 10 + 13 + 0 + (-36 - -6) + 43?
36
-2 - (61 + (1 - -2 - 2) + (8155 - 8143))
-76
Evaluate (9 + (0 - -1) + -2 - (10 - 11)) + 11.
20
Evaluate (5 - 12 - 7) + -4 + 21 + 91.
94
What is the value of (3 - -47) + 181 + -241?
-10
What is 27 - ((26 - (24 - 12)) + -26)?
39
What is the value of -17 + 105 - (-7 + (15 + -7 - -4) + 8)?
75
-4607 + 4514 - (-2 - 192)
101
What is 68 + -67 - (-4 + -3 + -2 + (34 - 1))?
-23
-38 + (-1 - (-6 + 2)) - (478 + -478)
-35
What is the value of 20 + -24 - (3 - -1 - (-50 + 16))?
-42
What is the value of -12 + (-8 - (-3 + 2) - (253 - 255)) + -97?
-114
Calculate (-20 - -15 - (2 + -1)) + 26 - 13.
7
Evaluate -38 + (-19 + -11 - 3 - -23).
-48
15 + (8 - (8 + -32)) - 23
24
What is the value of (-2 - 68) + 45 - (15 + -1)?
-39
Evaluate (-2 - -9) + (0 - -6 - (-153 + 161)) + 5.
10
What is (16 - (43 - 62)) + -65 - -39?
9
What is 10 + -11 + 19 + 9 + -11 + 52?
68
What is 32 - (-16 - -31) - (11 + -1) - (-45 + 8)?
44
What is (14 - 0) + (-19 - (-62 - -27 - -13))?
17
Evaluate 25 - (-15 + 15 + -1 + (26 - 25)).
25
What is the value of (8 - (20 + -10) - 18) + -6?
-26
Calculate -1 + 2 - 9 - ((-67 - -71) + -7 + 15).
-20
Evaluate 1 - (-1 + 10) - (